e 16, what is -2c7 + -17185?
-1744c
In base 4, what is -21223003 + -3303?
-21232312
In base 3, what is 12 - 1110221100022102?
-1110221100022020
In base 8, what is 45605 - -733?
46540
In base 3, what is -10212 - 221121020?
-221202002
In base 5, what is -1222 - -1032300?
1031023
In base 16, what is -1a5 + -21d6?
-237b
In base 2, what is -111 - -1000000100000000?
1000000011111001
In base 13, what is -6194696 - 0?
-6194696
In base 11, what is -2380581 - -32a?
-2380252
In base 13, what is -5 + -2014253?
-2014258
In base 5, what is 11103403141 + 1?
11103403142
In base 12, what is -4 + 18740017?
18740013
In base 11, what is -8744624 - -10?
-8744614
In base 11, what is -5a + -2a57?
-3006
In base 4, what is 1110 + -3123201?
-3122031
In base 13, what is -60a6 + 876?
-5530
In base 15, what is 9 - 25979?
-25970
In base 8, what is -111 + 12711?
12600
In base 5, what is 3442414124323 + -10?
3442414124313
In base 9, what is 136 - -3244263?
3244410
In base 16, what is -8163 - -56b?
-7bf8
In base 7, what is 16134535 - 24?
16134511
In base 10, what is 25 - 2101787?
-2101762
In base 10, what is 163 + 1449?
1612
In base 2, what is 1010101 + -101010110101100?
-101010101010111
In base 6, what is 22035501 + 13?
22035514
In base 15, what is 19d - -636c?
651a
In base 8, what is 67123072 + 70?
67123162
In base 9, what is -1524 - -543832?
542307
In base 6, what is -32314505540 + 4?
-32314505532
In base 16, what is -3c82f - 343?
-3cb72
In base 3, what is 21212221211221202 + 10?
21212221211221212
In base 14, what is -56a7c + 45?
-56a37
In base 11, what is 4 + 367684a?
3676853
In base 4, what is 20113 + 3323113?
10003232
In base 4, what is 12033 - -111313302?
111332001
In base 2, what is -10001100 + 100100110000?
100010100100
In base 8, what is 10164 + 13241?
23425
In base 3, what is 20 - 100201220100001001?
-100201220100000211
In base 12, what is -192 - -4a0709?
4a0537
In base 5, what is 10331334410022 - -2?
10331334410024
In base 13, what is -2c25a624 - 5?
-2c25a629
In base 11, what is 0 - 3555269?
-3555269
In base 12, what is 140995b71 - 4?
140995b69
In base 12, what is -72 - 785b?
-7911
In base 14, what is -5b5b9 + -34?
-5b60d
In base 8, what is -2 - -6177243?
6177241
In base 12, what is -35b + -3aa0b?
-3b16a
In base 14, what is 1 - -2599a18?
2599a19
In base 4, what is -332 + -1201123?
-1202121
In base 3, what is -10210122210 - 2001?
-10210201211
In base 7, what is -54134 - -4363?
-46441
In base 12, what is 62 + -8578?
-8516
In base 5, what is -122031 - -234001?
111420
In base 9, what is -665476 + -1?
-665477
In base 8, what is -63 + -14672007?
-14672072
In base 12, what is 2a52 + a969?
117bb
In base 15, what is 3 + -e696e?
-e696b
In base 5, what is 114313 + -440203?
-320340
In base 8, what is -1 - 25726423?
-25726424
In base 15, what is -1 + 30d54ec?
30d54eb
In base 4, what is 113221101033 + 1?
113221101100
In base 6, what is -1022551 + 1544?
-1021003
In base 13, what is 79 + 58011?
5808a
In base 3, what is 10101120 + 12111012100?
12121120220
In base 12, what is 16 - -740b71?
740b87
In base 10, what is -5475079 + -4?
-5475083
In base 14, what is 1c1856 + -d?
1c1847
In base 10, what is -7 + -1433079?
-1433086
In base 9, what is -3834 + 5271?
1336
In base 7, what is 201423 - -433?
202156
In base 6, what is 5301 - 4555534?
-4550233
In base 12, what is 0 + 373b200?
373b200
In base 6, what is 34022133 + -52?
34022041
In base 8, what is 24260625 - 37?
24260566
In base 16, what is -29 + -84f5f?
-84f88
In base 9, what is -202 - -275126?
274824
In base 9, what is 1 + 4172462?
4172463
In base 14, what is -6cb82 + -27?
-6cba9
In base 13, what is 16b82 + -359b?
135b4
In base 7, what is 235132 + 3315?
241450
In base 7, what is 4 - 220310234?
-220310230
In base 9, what is 4701 - 21533?
-15732
In base 7, what is -5 + 126211245?
126211240
In base 8, what is -725 + -13415?
-14342
In base 15, what is -16 - -321eb88?
321eb72
In base 7, what is -6 - -513521613?
513521604
In base 14, what is -1894c5 + 28?
-18949b
In base 5, what is 1123 + 42410404?
42412032
In base 4, what is 1 + 120202021322?
120202021323
In base 8, what is -1632371 - -260?
-1632111
In base 3, what is 1012202211 - 1000110011?
12022200
In base 14, what is -52 - 1c9361?
-1c93b3
In base 7, what is 1234 + -501631?
-500364
In base 10, what is -2689 - 2816?
-5505
In base 7, what is -1425551 - -45?
-1425503
In base 9, what is 567 - 46808?
-46231
In base 12, what is 5121800a + -5?
51218005
In base 4, what is 102 - 200321322022?
-200321321320
In base 5, what is -24 - -113230213031?
113230213002
In base 10, what is -4 + -2620681?
-2620685
In base 7, what is -1133266 + -5405?
-1142004
In base 14, what is -b - -11786?
11779
In base 14, what is 1422843b + -1?
1422843a
In base 7, what is -32156 - 112633?
-145122
In base 6, what is -3031 + 114544?
111513
In base 7, what is -661 - -46666?
46005
In base 4, what is 112302 + -1223133202?
-1223020300
In base 10, what is -162978531 - 3?
-162978534
In base 7, what is -61146202 + 5?
-61146164
In base 5, what is -221000340014 + -10?
-221000340024
In base 14, what is -b0105 - -5?
-b0100
In base 9, what is -118332 - 8?
-118341
In base 4, what is 30103122 - -100221?
30210003
In base 6, what is 4455313 + -54?
4455215
In base 4, what is 3103 - 1131101331?
-1131032222
In base 5, what is -13 - -24320022?
24320004
In base 11, what is 17382 + -1179?
16204
In base 5, what is 1 - -204204110?
204204111
In base 11, what is 67329710 + 1?
67329711
In base 9, what is 4 - 7106806?
-7106802
In base 8, what is 12030 + 161674?
173724
In base 14, what is 7 + 622539?
622542
In base 14, what is 480549 + 7?
480552
In base 6, what is 55 - 321240242?
-321240143
In base 5, what is 2222323434 - -11?
2222324000
In base 16, what is 40fca - -1c?
40fe6
In base 4, what is -1003 + 203301?
202232
In base 11, what is 502925 + -6?
50291a
In base 6, what is -1 + 5244355025?
5244355024
In base 3, what is 10002010222110122 + -11?
10002010222110111
In base 5, what is 321440 + 22044?
344034
In base 5, what is 11 - -2342321203?
2342321214
In base 13, what is -5c34a82 + 6?
-5c34a79
In base 8, what is -7573 - -6244?
-1327
In base 4, what is 203212303 - -13?
203212322
In base 10, what is 100 - 217656?
-217556
In base 13, what is 2822 - 627?
21c8
In base 8, what is -16 - -22704503?
22704465
In base 2, what is 110000011000001001110110000 - 101?
110000011000001001110101011
In base 2, what is 11001100100101001010100011 + 0?
11001100100101001010100011
In base 9, what is 760680 - 478?
760201
In base 7, what is 21 + -1110356?
-1110335
In base 10, what is 382379 + 2487?
384866
In base 9, what is 2268534 - -1?
2268535
In base 11, what is 17355893 + -3?
17355890
In base 9, what is -21540431 + -2?
-21540433
In base 11, what is 113 - -102457?
10256a
In base 11, what is -156aa5582 + 1?
-156aa5581
In base 9, what is -552502 + -304?
-552806
In base 9, what is 74245 - 20653?
53482
In base 10, what is -1285486 + 0?
-1285486
In base 5, what is -44 - 111404241?
-111404340
In base 8, what is -3171630365 - 4?
-3171630371
In base 10, what is -5 - -893486?
893481
In base 11, what is a0 - 177a18?
-177928
In base 7, what is 3022443 + 1155?
3023631
In base 5, what is -2023012232 + 4?
-2023012223
In base 12, what is 748 - a75?
-329
In base 2, what is 100100 + -1011101100110100?
-1011101100010000
In base 10, what is -4 + -11033258?
-11033262
In base 8, what is -2 + -121207502?
-121207504
In base 16, what is 3cc - e00?
-a34
In base 10, what is 137 + 11847?
11984
In base 2, what is 1100000111 - 10000010110011100?
-10000001010010101
In base 15, what is -13 - 229e0?
-22a03
In base 7, what is 15333030 - -14?
15333044
In base 12, what is -1 + b8a27b?
b8a27a
In base 16, what is -3ab54d7 + -4?
-3ab54db
In base 4, what is 212212030022 - -1?
212212030023
In base 6, what is -544354 - -4?
-544350
In base 15, what is -1 + 32dcdd?
32dcdc
In base 2, what is -101 + -100011101100111010000000000?
-100011101100111010000000101
In base 16, what is c6d28 - 2?
c6d26
In base 8, what is -2074 + 1035567?
1033473
In base 7, what is -24445 + 353?
-24062
In base 8, what is -36 - 13323?
-13361
In base 15, what is 1 - e677aa?
-e677a9
In base 13, what is 14b50cb - 3?
14b50c8
In base 6, what is -103212 + 1013?
-102155
In base 5, what is -34000340 - 203?
-34001043
In base 8, what is -63643233 + 